 + u**2 - u - 39. Calculate b(l).
-39
Suppose 10*z = 7*z + 1155. Suppose -l = -384 + z. Let u(i) = 9*i + 2. What is u(l)?
-7
Let j = -16 - -13. Let n(h) be the first derivative of h**2/2 + 6*h - 1727. Calculate n(j).
3
Let q = -33 + 26. Let j(s) = s - 1. Let p(a) = 6*a - 3. Suppose 2 = 21*v - 23*v. Let g(b) = v*p(b) + 5*j(b). What is g(q)?
5
Let t(g) = -g**2 + 12*g - 7. Let h be t(10). Suppose a - h - 1 = -3*f, -5*a + 6 = -f. Let b(j) = j**3 + 22 + 7*j - 5 - 10 - 9*j**a. What is b(8)?
-1
Suppose 3*n - n + 4*d = -4, 4*n + 5*d = -2. Let z(r) be the second derivative of 16*r + 3/2*r**2 + 1/20*r**5 - 1/2*r**3 - 1/4*r**4 + 0. Calculate z(n).
-7
Let m = 1065 - 587. Suppose -6*p - m + 22 = 0. Let w = -79 - p. Let n(b) = -3*b + 1. Calculate n(w).
10
Let r(v) be the first derivative of -v**3 + v**2 + 16*v + 4015. Determine r(-6).
-104
Let j(h) be the first derivative of -h**4/4 - 3*h**2/2 - 5*h - 655. Give j(0).
-5
Let i(k) = 2*k - 13. Let l be i(2). Let u(m) = m**2 + 2*m - 4. Let x(n) = n**2 + 3*n - 3. Let y(p) = 3*u(p) - 4*x(p). Give y(l).
-27
Let w(b) = -b + 28. Let v = 95 - 95. Let y = v - 0. Determine w(y).
28
Let o = 213 + -207. Suppose 19*i = 16*i + o. Let u(b) = b - 1. Let m(l) = l + 3. Let x(j) = m(j) + 2*u(j). Give x(i).
7
Let m(a) = 19*a + 213. Suppose -6*g = -8*g - 15*g - 187. Calculate m(g).
4
Suppose -4*b + 32 = -c, -4*b - 4*c + 8 = -4. Let t(q) = 21 + q**2 + b*q + 0*q - 13 + 2*q. Suppose 2*p - 4*p - 14 = 0. What is t(p)?
-6
Let j(s) = s**3 - 9*s**2 - 8. Let t be j(9). Let n = t - -21. Suppose -f + 11 = 4*p, -f - n = -0*f - 2*p. Let z(q) = q**3 + 5*q**2 + 4*q + 6. What is z(f)?
-14
Let b(t) = 71 + 70 + 3*t - 138 - 2*t + t**3 + 4*t**2 - 10*t**2. Suppose 2*d = 5*f + 56, 3*f + 26 + 0 = 5*d. Let a = f + 18. Give b(a).
9
Let g(f) be the third derivative of 13*f**4/12 + 95*f**3 + 2*f**2 + 19*f + 39. Determine g(-22).
-2
Let c(l) = 10*l**2 + 0*l**3 - 41*l**2 - l + 7 + 19*l**2 + 23*l**2 + l**3. What is c(-11)?
18
Let r(a) = 6*a**2 - 2*a + 1. Let t be (2/(-6))/(-1)*0. Let c(q) = -4*q**2 + 18. Let y be c(t). Suppose -y = -4*m - 14. What is r(m)?
5
Suppose -2*u = l - 3*l + 2, 2*l - 2 = 0. Let a(c) = -5*c - 2. Let k(x) = x. Let q(t) = a(t) + 4*k(t). Calculate q(u).
-2
Let a(u) = u**2 + 9*u + 9. Let c = -280 - -549. Let o = 263 - c. Give a(o).
-9
Let b(x) = 1 + 21*x**2 + 9*x**2 + 4*x**2 - 36*x**2 - 17*x. Give b(-9).
-8
Let p(n) be the second derivative of 3*n**5/20 + 49*n**4/6 - 16*n**3/3 + 39*n**2/2 + 198*n. Let l be p(-33). Let s(r) = -r - 6. Determine s(l).
-12
Let x(l) = -l**3 - 3*l**2 - 1. Let n(q) = -q**3 + 11*q**2 - 20*q - 47. Let c(r) = -n(r) + 2*x(r). Give c(-18).
9
Let n(o) = 3716*o**2 - 1 - 1862*o**2 - 1855*o**2 - 14*o**3 + o. Suppose -4*z - 19 = -55. Suppose 5*j + 3*q - 14 = 0, -3*q + z = j - 1. What is n(j)?
-15
Let i(z) = 2*z**3 + z**2 - z - 6. Let h(p) = -3*p**3 - 4*p**2 + 10*p + 38. Let k(b) = -h(b) - i(b). What is k(-6)?
-86
Let b(g) = 7 - 16 + 12*g + 63*g - g**3 + 61 + 63 + 37*g**2. Give b(39).
-2
Let x(d) = 22*d - 217. Let i be x(32). Let u = 483 - i. Let h(b) = 5*b + 1. Calculate h(u).
-19
Let z(t) be the third derivative of t**6/120 - t**5/60 + t**3/2 - t**2 + 257*t. Calculate z(0).
3
Let u(z) = z**3 + 18*z**2 - 17*z + 33. Let a(i) = i**3 + 4*i**2 + 3*i + 71. Let n be a(-6). What is u(n)?
-5
Let q = -5 + 7. Suppose 2 = 4*l + q*u, -u + 0 = 4*l - 7. Suppose -i + 15 = -l*g, -10 = -7*i + 2*i + 2*g. Let r(a) = a + 21. Determine r(i).
21
Suppose 0*b = 3*b - 6. Let d be 250/(-100)*(-8)/10. Let h(t) = -2*t**3 + 2*t - 2 + 77*t**2 + t**3 - 80*t**d + 3*t**3 + 0*t**3. What is h(b)?
6
Suppose 4*n = -3*v - 12 - 33, 0 = -4*n - 4*v - 40. Let c(w) = w**3 + 14*w**2 - 15*w - 20. Calculate c(n).
-20
Let d(k) = -2 - 2 - 10 + 2*k - 6*k + 11. Give d(3).
-15
Let g(i) = 25*i + 36. Let o be (-21)/7*5/(45/6). Give g(o).
-14
Let k(o) be the second derivative of -o**4/12 + 7*o**3/6 + o**2 - 2474*o. Give k(7).
2
Let l(b) = 9*b - 58. Suppose 4*x - 4 = t + 29, -29*x = -5*t - 228. Determine l(x).
5
Let k(b) = 13*b + 3. Let t be 2/(-2 - (-108)/51 - 484/935). Determine k(t).
-62
Let w(q) be the first derivative of -8*q**2 - 499*q + 2884. Give w(-31).
-3
Suppose -2*f - 2 = -2*h, 8*f = 6*f + h. Let s(g) be the first derivative of -5*g**4/2 + g**3/3 - g**2/2 + g + 2. Calculate s(f).
-9
Let f(n) = -n**2 + 24*n - 13. Let g be f(15). Let i = -114 + g. Let r be (0 - -4)/(i/12). Let v(k) = k**2 - 5*k - 5. What is v(r)?
1
Suppose 4*v = -12, 13*m - 14*m - 3*v - 14 = 0. Let t(k) = k**2 + 4*k - 4. Calculate t(m).
1
Let u = -5 + 7. Let l be 81 - 82 - (0 + 1)*-5. Let f(r) = 11*r + 4 - l*r**u + 0 - r**3 - 6*r + 2. What is f(-4)?
-14
Let a(r) be the second derivative of 5*r**3/6 - 3*r**2/2 - 9*r. Let b be a(1). Let n(f) = 4 + 0*f**2 + b*f**2 - 3 - f. Give n(2).
7
Let z(i) = i**3 - 25*i**2 - 2*i + 52. Let n be z(25). Suppose -2*y = -10, 2*y - 2 = 4*m - 0*y. Let d(w) = 3 + 5*w - m*w - 7*w. Calculate d(n).
-5
Let z(s) be the third derivative of s**6/120 - s**5/4 + 5*s**4/4 - 43*s**3/6 - 3*s**2 + 886. Determine z(13).
9
Let t(g) = -g**2 + 9*g - 11. Suppose -9*v + 8*v + 40 = -3*j, 2*j = -v + 55. Suppose 30 = 52*k - v*k. Calculate t(k).
-21
Let m(t) = -103*t + 1352. Let u be m(13). Let o(d) = 2*d**2 - 27*d + 5. What is o(u)?
-8
Let o = -41410 + 41405. Let z(k) = -k**2 + 86*k + 467. What is z(o)?
12
Let f(y) = y**3 + 2*y**2 + y + 3. Let n be -1*(-6)/4*-1 - (-15)/(-10). Determine f(n).
-9
Let a be (-3)/(-18)*(13 - -11). Let i(x) = -10*x**2 - 10*x**2 + 8 + 22*x**2 - a*x**2 + 4*x + 13*x. What is i(9)?
-1
Let w(b) be the first derivative of 6*b**2 - 41*b + 1220. Give w(5).
19
Let n(a) be the third derivative of -a**5/60 + 5*a**4/12 - 3*a**3/2 - 418*a**2. Calculate n(8).
7
Let l(p) = p**3 - p**2 + p + 10. Let s = -8 - -35. Let q = 26 - s. Let i be -1 - (12 + -10 + (-4 - q)). Give l(i).
10
Let k(g) = g**3 + 4*g**2 - 3*g - 4. Let d be k(-4). Let s(o) = -10 + 19*o - 10 - 15*o + d. Let h(r) = 4*r - 12. Let x(n) = -4*h(n) + 3*s(n). Calculate x(8).
-20
Let g(x) = -2*x - 6. Suppose 0*i = 10*i. Let v be g(i). Let c(b) = b**3 + 7*b**2 - b - 2. Give c(v).
40
Let c(r) be the second derivative of r**4/24 - 5*r**2 + 26*r. Let d(t) be the first derivative of c(t). Let w be d(4). Let p(z) = -z**2 + 2*z - 6. Give p(w).
-14
Let d(m) = -m**3 + 2 + 11661757*m**2 - 22*m - 12 - 11661767*m**2. Calculate d(-7).
-3
Let k(o) = o**2 + 12*o + 10. Let d = 477 + -459. Let b be (-189)/d + 18/(-12). What is k(b)?
10
Let t(j) = -j**2 + 8*j + 21. Let g(d) = -3*d**2 + 24*d + 62. Let w(u) = 4*g(u) - 11*t(u). Give w(7).
24
Let x(i) = 4*i + 4. Suppose 0 = 9*c - 3*c - 24. Suppose -3*u + c*s + 11 = -21, 0 = -2*u + 4*s + 28. Let d(f) = 4*f**2 - 19*f + 8. Let v be d(u). What is x(v)?
-12
Let f(z) be the first derivative of -z**3 + 10*z**2 - 16*z + 4819. Calculate f(6).
-4
Let o(a) = a**3 - 14*a**2 - 2*a - 4. Let d(y) = -3*y**3 + 50*y**2 + 6*y + 13. Let p(n) = -2*d(n) - 7*o(n). Determine p(-3).
5
Suppose -26*x + 884 = -260. Let o be 21/(-4) - ((-55)/x - -1). Let a(k) = -k**2 - 5*k + 9. Determine a(o).
9
Let s(n) = 10*n**3 + 26*n**2 + 7*n - 19. Let a(x) = -3*x**3 - 9*x**2 - 2*x + 6. Let w(m) = -7*a(m) - 2*s(m). Let v be 1/(((-32)/264)/(12/9)). Give w(v).
-4
Let y be (((-153)/(-6))/17)/((-9)/(-24)). Let k(l) = 2*l + 5 + 3 - 2. Calculate k(y).
14
Let p(s) = s**3 - 6*s**2 - 55*s - 3. Let m be (((-64)/(-24))/(-2))/((-5)/15) - -7. Determine p(m).
-3
Let a(x) = x**2 + 17*x + 46. Suppose 138 - 698 = 56*m. Determine a(m).
-24
Let u(v) be the third derivative of -v**6/120 - 11*v**5/60 + 5*v**4/24 + 7*v**3/6 - v**2 + 734. Calculate u(-12).
91
Let g(r) = 126*r**3 - 127*r**3 - 13*r + 1 + 0 - 14*r**2. Suppose -195*w - 39 = -192*w. Determine g(w).
1
Let f(w) be the second derivative of 9*w**5/10 - w**4/4 + w**2 + 1546*w. What is f(1)?
17
Let r(v) be the first derivative of 6*v**2 - 98 - v - 2/3*v**3. Calculate r(5).
9
Let j(p) = 181*p**2 + 188*p**2 + p**3 - 13 - 353*p**2 - 16*p. Determine j(-17).
-30
Let c(v) = -v**3 - 5*v**2 + 6*v - 7. Suppose 4*t - 357 - 142 = -b, 393 = 3*t - 3*b. Suppose 2*n + 7*n + t = 0. Let d be 14*(n/(-4))/(-7) - -1. Calculate c(d).
-7
Let a be -1 + -1 - -12*8/24. Let l(g) = -3*g**2 + 10*g + g**a - 250 + 243. Calculate l(6).
-19
Let f(n) = 3*n + 35. Let i = -5998 + 5991. What is f(i)?
14
Let n(s) = 4*s - 79. Let d(v) = 